{"id":248,"date":"2023-01-18T19:44:13","date_gmt":"2023-01-18T19:44:13","guid":{"rendered":"https:\/\/farmacialuican.es\/?page_id=248"},"modified":"2026-01-29T12:25:48","modified_gmt":"2026-01-29T12:25:48","slug":"cosmetica","status":"publish","type":"page","link":"https:\/\/farmacialuican.es\/?page_id=248","title":{"rendered":"Cosm\u00e9tica"},"content":{"rendered":"\n<p>Trabajamos con las marcas m\u00e1s destacadas en cosm\u00e9tica, buscando la soluci\u00f3n adecuada a cada necesidad. <\/p>\n\n\n<div class=\"wp-block-image\">\n<figure class=\"aligncenter size-full\"><a href=\"https:\/\/bemaslab.cinfa.com\" target=\"_blank\" rel=\"noreferrer noopener\"><img loading=\"lazy\" decoding=\"async\" width=\"274\" height=\"274\" src=\"https:\/\/farmacialuican.es\/wp-content\/uploads\/2026\/01\/be_logo.png\" alt=\"\" class=\"wp-image-407\" srcset=\"https:\/\/farmacialuican.es\/wp-content\/uploads\/2026\/01\/be_logo.png 274w, https:\/\/farmacialuican.es\/wp-content\/uploads\/2026\/01\/be_logo-150x150.png 150w, https:\/\/farmacialuican.es\/wp-content\/uploads\/2026\/01\/be_logo-100x100.png 100w\" sizes=\"(max-width: 274px) 100vw, 274px\" \/><\/a><\/figure><\/div>\n\n\n<figure class=\"wp-block-gallery has-nested-images columns-default is-cropped wp-block-gallery-1 is-layout-flex wp-block-gallery-is-layout-flex\">\n<figure class=\"wp-block-image size-large\"><a href=\"https:\/\/www.vichy.es\" target=\"_blank\" rel=\"noreferrer noopener\"><img loading=\"lazy\" decoding=\"async\" width=\"1024\" height=\"576\" data-id=\"259\" src=\"https:\/\/farmacialuican.es\/wp-content\/uploads\/2023\/01\/Vichy-Symbol-1024x576.png\" alt=\"\" class=\"wp-image-259\" srcset=\"https:\/\/farmacialuican.es\/wp-content\/uploads\/2023\/01\/Vichy-Symbol-1024x576.png 1024w, https:\/\/farmacialuican.es\/wp-content\/uploads\/2023\/01\/Vichy-Symbol-300x169.png 300w, https:\/\/farmacialuican.es\/wp-content\/uploads\/2023\/01\/Vichy-Symbol-768x432.png 768w, https:\/\/farmacialuican.es\/wp-content\/uploads\/2023\/01\/Vichy-Symbol-1536x864.png 1536w, https:\/\/farmacialuican.es\/wp-content\/uploads\/2023\/01\/Vichy-Symbol-2048x1152.png 2048w, https:\/\/farmacialuican.es\/wp-content\/uploads\/2023\/01\/Vichy-Symbol-1200x675.png 1200w, https:\/\/farmacialuican.es\/wp-content\/uploads\/2023\/01\/Vichy-Symbol-1980x1114.png 1980w\" sizes=\"(max-width: 706px) 89vw, (max-width: 767px) 82vw, 740px\" \/><\/a><\/figure>\n<\/figure>\n\n\n\n<figure class=\"wp-block-gallery has-nested-images columns-default is-cropped wp-block-gallery-2 is-layout-flex wp-block-gallery-is-layout-flex\"><\/figure>\n\n\n\n<figure class=\"wp-block-image size-large\"><a href=\"https:\/\/www.cantabrialabs.es\" target=\"_blank\" rel=\"noreferrer noopener\"><img loading=\"lazy\" decoding=\"async\" width=\"1024\" height=\"536\" src=\"https:\/\/farmacialuican.es\/wp-content\/uploads\/2023\/01\/cantabria-1024x536.jpg\" alt=\"\" class=\"wp-image-252\" srcset=\"https:\/\/farmacialuican.es\/wp-content\/uploads\/2023\/01\/cantabria-1024x536.jpg 1024w, https:\/\/farmacialuican.es\/wp-content\/uploads\/2023\/01\/cantabria-300x157.jpg 300w, https:\/\/farmacialuican.es\/wp-content\/uploads\/2023\/01\/cantabria-768x402.jpg 768w, https:\/\/farmacialuican.es\/wp-content\/uploads\/2023\/01\/cantabria-1536x805.jpg 1536w, https:\/\/farmacialuican.es\/wp-content\/uploads\/2023\/01\/cantabria-2048x1073.jpg 2048w, https:\/\/farmacialuican.es\/wp-content\/uploads\/2023\/01\/cantabria-1200x629.jpg 1200w, https:\/\/farmacialuican.es\/wp-content\/uploads\/2023\/01\/cantabria-1980x1037.jpg 1980w\" sizes=\"(max-width: 706px) 89vw, (max-width: 767px) 82vw, 740px\" \/><\/a><\/figure>\n\n\n\n<figure class=\"wp-block-image size-large\"><a href=\"https:\/\/www.laroche-posay.es\" target=\"_blank\" rel=\"noreferrer noopener\"><img loading=\"lazy\" decoding=\"async\" width=\"1024\" height=\"640\" src=\"https:\/\/farmacialuican.es\/wp-content\/uploads\/2023\/01\/Logo-La-Roche-Posay-1024x640.jpg\" alt=\"\" class=\"wp-image-253\" srcset=\"https:\/\/farmacialuican.es\/wp-content\/uploads\/2023\/01\/Logo-La-Roche-Posay-1024x640.jpg 1024w, https:\/\/farmacialuican.es\/wp-content\/uploads\/2023\/01\/Logo-La-Roche-Posay-300x188.jpg 300w, https:\/\/farmacialuican.es\/wp-content\/uploads\/2023\/01\/Logo-La-Roche-Posay-768x480.jpg 768w, https:\/\/farmacialuican.es\/wp-content\/uploads\/2023\/01\/Logo-La-Roche-Posay-1536x960.jpg 1536w, https:\/\/farmacialuican.es\/wp-content\/uploads\/2023\/01\/Logo-La-Roche-Posay-2048x1280.jpg 2048w, https:\/\/farmacialuican.es\/wp-content\/uploads\/2023\/01\/Logo-La-Roche-Posay-1200x750.jpg 1200w, https:\/\/farmacialuican.es\/wp-content\/uploads\/2023\/01\/Logo-La-Roche-Posay-1980x1238.jpg 1980w\" sizes=\"(max-width: 706px) 89vw, (max-width: 767px) 82vw, 740px\" \/><\/a><\/figure>\n","protected":false},"excerpt":{"rendered":"<p>Trabajamos con las marcas m\u00e1s destacadas en cosm\u00e9tica, buscando la soluci\u00f3n adecuada a cada necesidad.<\/p>\n","protected":false},"author":1,"featured_media":0,"parent":0,"menu_order":0,"comment_status":"closed","ping_status":"closed","template":"","meta":{"om_disable_all_campaigns":false,"_monsterinsights_skip_tracking":false,"_monsterinsights_sitenote_active":false,"_monsterinsights_sitenote_note":"","_monsterinsights_sitenote_category":0,"footnotes":""},"class_list":["post-248","page","type-page","status-publish","hentry"],"aioseo_notices":[],"_links":{"self":[{"href":"https:\/\/farmacialuican.es\/index.php?rest_route=\/wp\/v2\/pages\/248"}],"collection":[{"href":"https:\/\/farmacialuican.es\/index.php?rest_route=\/wp\/v2\/pages"}],"about":[{"href":"https:\/\/farmacialuican.es\/index.php?rest_route=\/wp\/v2\/types\/page"}],"author":[{"embeddable":true,"href":"https:\/\/farmacialuican.es\/index.php?rest_route=\/wp\/v2\/users\/1"}],"replies":[{"embeddable":true,"href":"https:\/\/farmacialuican.es\/index.php?rest_route=%2Fwp%2Fv2%2Fcomments&post=248"}],"version-history":[{"count":12,"href":"https:\/\/farmacialuican.es\/index.php?rest_route=\/wp\/v2\/pages\/248\/revisions"}],"predecessor-version":[{"id":410,"href":"https:\/\/farmacialuican.es\/index.php?rest_route=\/wp\/v2\/pages\/248\/revisions\/410"}],"wp:attachment":[{"href":"https:\/\/farmacialuican.es\/index.php?rest_route=%2Fwp%2Fv2%2Fmedia&parent=248"}],"curies":[{"name":"wp","href":"https:\/\/api.w.org\/{rel}","templated":true}]}}